{"id":23,"date":"2025-06-05T12:05:10","date_gmt":"2025-06-05T12:05:10","guid":{"rendered":"http:\/\/vozamora.com\/?page_id=23"},"modified":"2025-10-20T21:09:01","modified_gmt":"2025-10-20T21:09:01","slug":"contacto","status":"publish","type":"page","link":"https:\/\/vozamora.com\/index.php\/contacto\/","title":{"rendered":"Contacto"},"content":{"rendered":"\n<p><\/p>\n\n\n\n<p>ZAMORA<\/p>\n\n\n\n<p>Si quieres contactar con nuestro delegado de Benavente ponte en contacto con hola@vozamora.com o con el tel\u00e9fono 606 400 389, tambi\u00e9n atendemos Whatsapp.<\/p>\n\n\n\n<p>ASTURIAS<\/p>\n\n\n\n<p>Si quieres contactar con la Central de Asturias ponte en contacto con vo@voasturias.com o con el tel\u00e9fono 606 400 389, tambi\u00e9n atendemos Whatsapp.<\/p>\n\n\n\n<p>GALICIA<\/p>\n\n\n\n<p>Si quieres contactar con VO Coru\u00f1a, ponte en contacto con el tel\u00e9fono 629 77 07 32, tambi\u00e9n atendemos Whatsapp.<\/p>\n","protected":false},"excerpt":{"rendered":"<p>ZAMORA Si quieres contactar con nuestro delegado de Benavente ponte en contacto con hola@vozamora.com o con el tel\u00e9fono 606 400 389, tambi\u00e9n atendemos Whatsapp. ASTURIAS Si quieres contactar con la Central de Asturias ponte en contacto con vo@voasturias.com o con el tel\u00e9fono 606 400 389, tambi\u00e9n atendemos Whatsapp. GALICIA Si quieres contactar con VO Coru\u00f1a,&hellip;<\/p>\n<p class=\"more-link\"><a href=\"https:\/\/vozamora.com\/index.php\/contacto\/\" class=\"themebutton2\">Leer m\u00e1s<\/a><\/p>\n","protected":false},"author":1,"featured_media":0,"parent":0,"menu_order":0,"comment_status":"closed","ping_status":"closed","template":"","meta":{"footnotes":""},"class_list":["post-23","page","type-page","status-publish","hentry"],"_links":{"self":[{"href":"https:\/\/vozamora.com\/index.php\/wp-json\/wp\/v2\/pages\/23","targetHints":{"allow":["GET"]}}],"collection":[{"href":"https:\/\/vozamora.com\/index.php\/wp-json\/wp\/v2\/pages"}],"about":[{"href":"https:\/\/vozamora.com\/index.php\/wp-json\/wp\/v2\/types\/page"}],"author":[{"embeddable":true,"href":"https:\/\/vozamora.com\/index.php\/wp-json\/wp\/v2\/users\/1"}],"replies":[{"embeddable":true,"href":"https:\/\/vozamora.com\/index.php\/wp-json\/wp\/v2\/comments?post=23"}],"version-history":[{"count":3,"href":"https:\/\/vozamora.com\/index.php\/wp-json\/wp\/v2\/pages\/23\/revisions"}],"predecessor-version":[{"id":168,"href":"https:\/\/vozamora.com\/index.php\/wp-json\/wp\/v2\/pages\/23\/revisions\/168"}],"wp:attachment":[{"href":"https:\/\/vozamora.com\/index.php\/wp-json\/wp\/v2\/media?parent=23"}],"curies":[{"name":"wp","href":"https:\/\/api.w.org\/{rel}","templated":true}]}}